{"id":2189,"date":"2017-08-03T13:37:06","date_gmt":"2017-08-03T11:37:06","guid":{"rendered":"http:\/\/www.tonimartinmedic.com\/?page_id=2189\/"},"modified":"2017-09-24T13:41:19","modified_gmt":"2017-09-24T11:41:19","slug":"historia-professional","status":"publish","type":"page","link":"https:\/\/www.tonimartinmedic.com\/ca\/historia-professional\/","title":{"rendered":"Hist\u00f2ria professional"},"content":{"rendered":"<div class=\"fusion-fullwidth fullwidth-box fusion-builder-row-1 nonhundred-percent-fullwidth non-hundred-percent-height-scrolling\"  style='background-color: #f7f7f7;background-position: center center;background-repeat: no-repeat;padding-top:100px;padding-right:0px;padding-bottom:130px;padding-left:0px;border-top-width:0px;border-bottom-width:0px;border-color:#eae9e9;border-top-style:solid;border-bottom-style:solid;'><div class=\"fusion-builder-row fusion-row \"><div  class=\"fusion-layout-column fusion_builder_column fusion_builder_column_1_6 fusion-builder-column-0 fusion-one-sixth fusion-column-first fusion-no-small-visibility 1_6\"  style='margin-top:0px;margin-bottom:30px;width:13.3333%; margin-right: 4%;'><div class=\"fusion-column-wrapper\" style=\"background-position:left top;background-repeat:no-repeat;-webkit-background-size:cover;-moz-background-size:cover;-o-background-size:cover;background-size:cover;\"   data-bg-url=\"\"><div class=\"fusion-sep-clear\"><\/div><div class=\"fusion-separator fusion-full-width-sep sep-none\" style=\"margin-left: auto;margin-right: auto;margin-top:;\"><\/div><div class=\"fusion-clearfix\"><\/div><\/div><\/div><div  class=\"fusion-layout-column fusion_builder_column fusion_builder_column_2_3 fusion-builder-column-1 fusion-two-third 2_3\"  style='margin-top:0px;margin-bottom:30px;width:65.3333%; margin-right: 4%;'><div class=\"fusion-column-wrapper\" style=\"background-position:left top;background-repeat:no-repeat;-webkit-background-size:cover;-moz-background-size:cover;-o-background-size:cover;background-size:cover;\"   data-bg-url=\"\"><div class=\"fusion-sep-clear\"><\/div><div class=\"fusion-separator fusion-full-width-sep sep-none\" style=\"margin-left: auto;margin-right: auto;margin-top:20px;\"><\/div><div class=\"fusion-text\"><h2>Hist\u00f2ria professional<\/h2>\n<hr \/>\n<\/div><div class=\"fusion-sep-clear\"><\/div><div class=\"fusion-separator fusion-full-width-sep sep-none\" style=\"margin-left: auto;margin-right: auto;margin-top:30px;\"><\/div><div class=\"fusion-text\"><table width=\"1126\">\n<tbody>\n<tr>\n<td width=\"62\">1980<\/td>\n<td width=\"432\">\n<ul>\n<li>T\u00edtol de LLICENCIAT EN MEDICINA i CIRURG\u00cdA (UAB &#8211; Universitat Aut\u00f2noma de Barcelona). Estudis i pr\u00e0ctiques efectuats a l&#8217;Hospital de la Vall d\u2019Hebr\u00f3.<\/li>\n<\/ul>\n<\/td>\n<\/tr>\n<tr>\n<td width=\"62\">1980- 1985<\/td>\n<td width=\"432\">\n<ul>\n<li>Substituci\u00f3 de <u>Medicina General<\/u> per llarga malaltia del Dr. L. Jard\u00ed (CAP Passeig Sant Joan)<\/li>\n<li>Interinitat <u>Medicina d&#8217;Urgencies nocturnes a domicili<\/u> (CAP Sant Marti)<\/li>\n<li>Servei d&#8217;<u>Urgencies traumatol\u00f2giques i Radiologia<\/u> (CL\u00cdNICA REGINA)<\/li>\n<\/ul>\n<\/td>\n<\/tr>\n<tr>\n<td colspan=\"2\" width=\"494\"><em>Aquests cinc primers anys d&#8217;activitat professional com a metge d&#8217;assist\u00e8ncia prim\u00e0ria i d&#8217;urg\u00e8ncies em van donar les bases d&#8217;un ampli coneixement pr\u00e0ctic de les patologies m\u00e8diques m\u00e9s comunes.<\/em><\/p>\n<p><em>Al 1984, la meva entrada al nou m\u00f3n de la Sexologia Cl\u00ednica de la m\u00e0 del\u00a0 <a href=\"http:\/\/www.psiquiatriapsicologia-dexeus.com\/es\/psico-barcelona.cfm\/ID\/462\/PSIQUIATRAS\/josep-ma-farre-marti.htm\">Dr. Josep M\u00aa Farr\u00e9 Mart\u00ed<\/a>, <\/em><em>en aquell moment un prestigi\u00f3s psiquiatre i sex\u00f2leg de l&#8217;Hospital Cl\u00ednic (des de fa 25 anys dirigeix Servei de Psiquiatria, Psicologia i Medicina Psicosom\u00e0tica de l&#8217;Hospital Universitari\u00a0Quir\u00f3n\u00a0Dexeus) em va obrir les portes a abordar l&#8217;exercici de la medicina des d&#8217;una perspectiva m\u00e9s psicol\u00f2gica, entenent tamb\u00e9 a trav\u00e9s d&#8217;aquesta formaci\u00f3 l&#8217;important paper de les emocions en la g\u00e8nesi i manteniment de les disfuncions no solament sexuals sin\u00f3 tamb\u00e9 al conjunt de les malalties.<\/em><\/td>\n<\/tr>\n<tr>\n<td width=\"62\">1984-1986<\/td>\n<td width=\"432\">\n<ul>\n<li>Formaci\u00f3 de SEXOLOGIA CL\u00cdNICA (Dpt. de Psiquiatria de l&#8217;Hospital Cl\u00ednic de Barcelona)<\/li>\n<\/ul>\n<\/td>\n<\/tr>\n<tr>\n<td colspan=\"2\" width=\"494\"><em>\u00a0<\/em><\/p>\n<p><em>Dos anys despr\u00e9s, la trobada i posterior col\u00b7laboraci\u00f3 professional amb la\u00a0psicosex\u00f2loga\u00a0Montserrat\u00a0Calvo, em va permetre durant m\u00e9s d&#8217;una d\u00e8cada -en la qual l&#8217;oferta d&#8217;un servei de sexologia cl\u00ednica era encara molt escassa-, atendre de manera cient\u00edfica i humana a una ingent quantitat de persones amb disfuncions sexuals i de parella, especialitzant-me tamb\u00e9 en el diagn\u00f2stic i tractament de les paraf\u00edlies sexuals.<\/em><\/td>\n<\/tr>\n<tr>\n<td width=\"62\">1986-1992<\/p>\n<p>2000-2003<\/td>\n<td width=\"432\">\n<ul>\n<li>CONSULTORI PRIVAT: \u201cGabinet m\u00e8dic-psicol\u00f2gic\u201d amb M. Calvo<\/li>\n<\/ul>\n<ul>\n<li>Creaci\u00f3 i Co-direcci\u00f3 de l&#8217; \u201cINSTITUT RET\u201d<\/li>\n<\/ul>\n<\/td>\n<\/tr>\n<tr>\n<td colspan=\"2\" width=\"494\"><em>En l&#8217;\u00e0mbit psicol\u00f2gic, la meva prefer\u00e8ncia terap\u00e8utica per la l\u00ednia cognitiu-conductual, i m\u00e9s espec\u00edficament amb la\u00a0REBT\u00a0d&#8217;Albert\u00a0Ellis\u00a0es va concretar en una constant formaci\u00f3 acad\u00e8mica fins a l&#8217;obtenci\u00f3 del t\u00edtol oficial de terapeuta a Paris.<\/em><\/p>\n<p><em> Paral\u00b7lelament, el meu creixent inter\u00e8s per la &#8220;patologia psicosom\u00e0tica&#8221; em mou a buscar una t\u00e8cnica de treball corporal compatible amb l&#8217;esquema cognitiu-conductual. Trobo una extraordin\u00e0ria t\u00e8cnica de reeducaci\u00f3 postural anomenada\u00a0DFA.<\/em><\/td>\n<\/tr>\n<tr>\n<td width=\"62\">1989-1992<\/td>\n<td width=\"432\">\n<ul>\n<li>T\u00edtol de Practicant de DFA \u2013 Body Pattern recognition<\/li>\n<\/ul>\n<\/td>\n<\/tr>\n<tr>\n<td width=\"62\">2000<\/td>\n<td width=\"432\">\n<ul>\n<li>T\u00edtol de Terapeuta de la \u201cRational Emotive Behavior Therapy\u201d (REBT), Albert Ellis Inst., Paris.<\/li>\n<\/ul>\n<\/td>\n<\/tr>\n<tr>\n<td colspan=\"2\" width=\"494\"><em>La combinaci\u00f3 i la sinergia que existeix entre les dues t\u00e8cniques\u00a0REBT\u00a0i\u00a0DFA, m&#8217;han perm\u00e8s un molt efica\u00e7 abordatge diagn\u00f2stic i terap\u00e8utic de la major part de trastorns funcionals i\/o malalties psicosom\u00e0tiques.<\/em><\/p>\n<p><em> Al llarg d&#8217;aquests anys he anat incorporant algunes t\u00e8cniques reconegudes que m&#8217;han perm\u00e8s millorar algun aspecte en el tractament dels trastorns emocionals i posturals: Hipnosis Cl\u00ednica i de manera encara m\u00e9s efica\u00e7 l&#8217;EMDR, com a t\u00e8cnica de tractament del trauma.<\/em><\/td>\n<\/tr>\n<tr>\n<td width=\"62\">2006<\/td>\n<td width=\"432\">\n<ul>\n<li>T\u00edtol de Terapeuta EMDR- Eye Movement Desensitation and Recognition, Barcelona.<\/li>\n<\/ul>\n<\/td>\n<\/tr>\n<tr>\n<td colspan=\"2\" width=\"494\"><em>Enfocat cada vegada m\u00e9s el meu objectiu en el tractament del dolor funcional, vaig completar la meva formaci\u00f3 en Osteopatia per poder tractar de manera adequada una s\u00e8rie de mol\u00e8sties d&#8217;origen mec\u00e0nic que es presenten molt\u00a0freq\u00fcentment\u00a0en el consultori.<\/em><\/td>\n<\/tr>\n<tr>\n<td width=\"62\">2012-2014<\/td>\n<td width=\"432\">\n<ul>\n<li>Diploma Interuniversitario de Medicina Manual \u2013 OSTEOPATIA. Fac. de Medicina. Universidad de Paris (FRANCIA).<\/li>\n<\/ul>\n<\/td>\n<\/tr>\n<\/tbody>\n<\/table>\n<\/div><div class=\"fusion-clearfix\"><\/div><\/div><\/div><div  class=\"fusion-layout-column fusion_builder_column fusion_builder_column_1_6 fusion-builder-column-2 fusion-one-sixth fusion-column-last fusion-no-small-visibility 1_6\"  style='margin-top:0px;margin-bottom:30px;width:13.3333%'><div class=\"fusion-column-wrapper\" style=\"background-position:left top;background-repeat:no-repeat;-webkit-background-size:cover;-moz-background-size:cover;-o-background-size:cover;background-size:cover;\"   data-bg-url=\"\"><div class=\"fusion-sep-clear\"><\/div><div class=\"fusion-separator fusion-full-width-sep sep-none\" style=\"margin-left: auto;margin-right: auto;margin-top:;\"><\/div><div class=\"fusion-clearfix\"><\/div><\/div><\/div><\/div><\/div>\n","protected":false},"excerpt":{"rendered":"","protected":false},"author":1,"featured_media":0,"parent":0,"menu_order":0,"comment_status":"closed","ping_status":"closed","template":"100-width.php","meta":{"footnotes":""},"_links":{"self":[{"href":"https:\/\/www.tonimartinmedic.com\/ca\/wp-json\/wp\/v2\/pages\/2189"}],"collection":[{"href":"https:\/\/www.tonimartinmedic.com\/ca\/wp-json\/wp\/v2\/pages"}],"about":[{"href":"https:\/\/www.tonimartinmedic.com\/ca\/wp-json\/wp\/v2\/types\/page"}],"author":[{"embeddable":true,"href":"https:\/\/www.tonimartinmedic.com\/ca\/wp-json\/wp\/v2\/users\/1"}],"replies":[{"embeddable":true,"href":"https:\/\/www.tonimartinmedic.com\/ca\/wp-json\/wp\/v2\/comments?post=2189"}],"version-history":[{"count":9,"href":"https:\/\/www.tonimartinmedic.com\/ca\/wp-json\/wp\/v2\/pages\/2189\/revisions"}],"predecessor-version":[{"id":2274,"href":"https:\/\/www.tonimartinmedic.com\/ca\/wp-json\/wp\/v2\/pages\/2189\/revisions\/2274"}],"wp:attachment":[{"href":"https:\/\/www.tonimartinmedic.com\/ca\/wp-json\/wp\/v2\/media?parent=2189"}],"curies":[{"name":"wp","href":"https:\/\/api.w.org\/{rel}","templated":true}]}}

Història professional

<div class="fusion-fullwidth fullwidth-box fusion-builder-row-1 nonhundred-percent-fullwidth non-hundred-percent-height-scrolling"  style='background-color: #f7f7f7;background-position: center center;background-repeat: no-repeat;padding-top:100px;padding-right:0px;padding-bottom:130px;padding-left:0px;border-top-width:0px;border-bottom-width:0px;border-color:#eae9e9;border-top-style:solid;border-bottom-style:solid;'><div class="fusion-builder-row fusion-row "><div  class="fusion-layout-column fusion_builder_column fusion_builder_column_1_6 fusion-builder-column-0 fusion-one-sixth fusion-column-first fusion-no-small-visibility 1_6"  style='margin-top:0px;margin-bottom:30px;width:13.3333%; margin-right: 4%;'><div class="fusion-column-wrapper" style="background-position:left top;background-repeat:no-repeat;-webkit-background-size:cover;-moz-background-size:cover;-o-background-size:cover;background-size:cover;"   data-bg-url=""><div class="fusion-sep-clear"></div><div class="fusion-separator fusion-full-width-sep sep-none" style="margin-left: auto;margin-right: auto;margin-top:;"></div><div class="fusion-clearfix"></div></div></div><div  class="fusion-layout-column fusion_builder_column fusion_builder_column_2_3 fusion-builder-column-1 fusion-two-third 2_3"  style='margin-top:0px;margin-bottom:30px;width:65.3333%; margin-right: 4%;'><div class="fusion-column-wrapper" style="background-position:left top;background-repeat:no-repeat;-webkit-background-size:cover;-moz-background-size:cover;-o-background-size:cover;background-size:cover;"   data-bg-url=""><div class="fusion-sep-clear"></div><div class="fusion-separator fusion-full-width-sep sep-none" style="margin-left: auto;margin-right: auto;margin-top:20px;"></div><div class="fusion-text"><h2>Història professional</h2>
<hr />
</div><div class="fusion-sep-clear"></div><div class="fusion-separator fusion-full-width-sep sep-none" style="margin-left: auto;margin-right: auto;margin-top:30px;"></div><div class="fusion-text"><table width="1126">
<tbody>
<tr>
<td width="62">1980</td>
<td width="432">
<ul>
<li>Títol de LLICENCIAT EN MEDICINA i CIRURGÍA (UAB &#8211; Universitat Autònoma de Barcelona). Estudis i pràctiques efectuats a l&#8217;Hospital de la Vall d’Hebró.</li>
</ul>
</td>
</tr>
<tr>
<td width="62">1980- 1985</td>
<td width="432">
<ul>
<li>Substitució de <u>Medicina General</u> per llarga malaltia del Dr. L. Jardí (CAP Passeig Sant Joan)</li>
<li>Interinitat <u>Medicina d&#8217;Urgencies nocturnes a domicili</u> (CAP Sant Marti)</li>
<li>Servei d&#8217;<u>Urgencies traumatològiques i Radiologia</u> (CLÍNICA REGINA)</li>
</ul>
</td>
</tr>
<tr>
<td colspan="2" width="494"><em>Aquests cinc primers anys d&#8217;activitat professional com a metge d&#8217;assistència primària i d&#8217;urgències em van donar les bases d&#8217;un ampli coneixement pràctic de les patologies mèdiques més comunes.</em></p>
<p><em>Al 1984, la meva entrada al nou món de la Sexologia Clínica de la mà del  <a href="http://www.psiquiatriapsicologia-dexeus.com/es/psico-barcelona.cfm/ID/462/PSIQUIATRAS/josep-ma-farre-marti.htm">Dr. Josep Mª Farré Martí</a>, </em><em>en aquell moment un prestigiós psiquiatre i sexòleg de l&#8217;Hospital Clínic (des de fa 25 anys dirigeix Servei de Psiquiatria, Psicologia i Medicina Psicosomàtica de l&#8217;Hospital Universitari Quirón Dexeus) em va obrir les portes a abordar l&#8217;exercici de la medicina des d&#8217;una perspectiva més psicològica, entenent també a través d&#8217;aquesta formació l&#8217;important paper de les emocions en la gènesi i manteniment de les disfuncions no solament sexuals sinó també al conjunt de les malalties.</em></td>
</tr>
<tr>
<td width="62">1984-1986</td>
<td width="432">
<ul>
<li>Formació de SEXOLOGIA CLÍNICA (Dpt. de Psiquiatria de l&#8217;Hospital Clínic de Barcelona)</li>
</ul>
</td>
</tr>
<tr>
<td colspan="2" width="494"><em> </em></p>
<p><em>Dos anys després, la trobada i posterior col·laboració professional amb la psicosexòloga Montserrat Calvo, em va permetre durant més d&#8217;una dècada -en la qual l&#8217;oferta d&#8217;un servei de sexologia clínica era encara molt escassa-, atendre de manera científica i humana a una ingent quantitat de persones amb disfuncions sexuals i de parella, especialitzant-me també en el diagnòstic i tractament de les parafílies sexuals.</em></td>
</tr>
<tr>
<td width="62">1986-1992</p>
<p>2000-2003</td>
<td width="432">
<ul>
<li>CONSULTORI PRIVAT: “Gabinet mèdic-psicològic” amb M. Calvo</li>
</ul>
<ul>
<li>Creació i Co-direcció de l&#8217; “INSTITUT RET”</li>
</ul>
</td>
</tr>
<tr>
<td colspan="2" width="494"><em>En l&#8217;àmbit psicològic, la meva preferència terapèutica per la línia cognitiu-conductual, i més específicament amb la REBT d&#8217;Albert Ellis es va concretar en una constant formació acadèmica fins a l&#8217;obtenció del títol oficial de terapeuta a Paris.</em></p>
<p><em> Paral·lelament, el meu creixent interès per la &#8220;patologia psicosomàtica&#8221; em mou a buscar una tècnica de treball corporal compatible amb l&#8217;esquema cognitiu-conductual. Trobo una extraordinària tècnica de reeducació postural anomenada DFA.</em></td>
</tr>
<tr>
<td width="62">1989-1992</td>
<td width="432">
<ul>
<li>Títol de Practicant de DFA – Body Pattern recognition</li>
</ul>
</td>
</tr>
<tr>
<td width="62">2000</td>
<td width="432">
<ul>
<li>Títol de Terapeuta de la “Rational Emotive Behavior Therapy” (REBT), Albert Ellis Inst., Paris.</li>
</ul>
</td>
</tr>
<tr>
<td colspan="2" width="494"><em>La combinació i la sinergia que existeix entre les dues tècniques REBT i DFA, m&#8217;han permès un molt eficaç abordatge diagnòstic i terapèutic de la major part de trastorns funcionals i/o malalties psicosomàtiques.</em></p>
<p><em> Al llarg d&#8217;aquests anys he anat incorporant algunes tècniques reconegudes que m&#8217;han permès millorar algun aspecte en el tractament dels trastorns emocionals i posturals: Hipnosis Clínica i de manera encara més eficaç l&#8217;EMDR, com a tècnica de tractament del trauma.</em></td>
</tr>
<tr>
<td width="62">2006</td>
<td width="432">
<ul>
<li>Títol de Terapeuta EMDR- Eye Movement Desensitation and Recognition, Barcelona.</li>
</ul>
</td>
</tr>
<tr>
<td colspan="2" width="494"><em>Enfocat cada vegada més el meu objectiu en el tractament del dolor funcional, vaig completar la meva formació en Osteopatia per poder tractar de manera adequada una sèrie de molèsties d&#8217;origen mecànic que es presenten molt freqüentment en el consultori.</em></td>
</tr>
<tr>
<td width="62">2012-2014</td>
<td width="432">
<ul>
<li>Diploma Interuniversitario de Medicina Manual – OSTEOPATIA. Fac. de Medicina. Universidad de Paris (FRANCIA).</li>
</ul>
</td>
</tr>
</tbody>
</table>
</div><div class="fusion-clearfix"></div></div></div><div  class="fusion-layout-column fusion_builder_column fusion_builder_column_1_6 fusion-builder-column-2 fusion-one-sixth fusion-column-last fusion-no-small-visibility 1_6"  style='margin-top:0px;margin-bottom:30px;width:13.3333%'><div class="fusion-column-wrapper" style="background-position:left top;background-repeat:no-repeat;-webkit-background-size:cover;-moz-background-size:cover;-o-background-size:cover;background-size:cover;"   data-bg-url=""><div class="fusion-sep-clear"></div><div class="fusion-separator fusion-full-width-sep sep-none" style="margin-left: auto;margin-right: auto;margin-top:;"></div><div class="fusion-clearfix"></div></div></div></div></div>
